4.
14
What is the greatest common divisor of 655248 and 616?
88
What is the highest common factor of 6140 and 7492949?
307
Calculate the greatest common divisor of 494768 and 42800.
1712
What is the highest common factor of 186637557 and 7806?
3903
Calculate the greatest common divisor of 64304 and 12960.
16
What is the highest common divisor of 300925 and 158075?
25
Calculate the highest common factor of 56924 and 1386392.
532
What is the highest common factor of 44068 and 4189813?
479
Calculate the greatest common factor of 3 and 29416074.
3
What is the highest common divisor of 2374177 and 106247?
181
What is the highest common factor of 5104 and 522460752?
5104
Calculate the highest common divisor of 804262248 and 171.
171
What is the greatest common factor of 465 and 4138593?
93
What is the highest common factor of 8047509 and 15?
3
What is the greatest common divisor of 17946 and 36198?
18
What is the greatest common factor of 640886 and 2192?
274
What is the highest common factor of 322503064 and 130?
26
Calculate the highest common factor of 415230672 and 6.
6
What is the greatest common divisor of 247437744 and 1788?
1788
What is the greatest common divisor of 3314088 and 58624?
1832
What is the greatest common factor of 104467 and 11869?
11
What is the greatest common factor of 2576 and 361494?
14
What is the greatest common factor of 34891 and 3880486?
1517
What is the highest common factor of 32154 and 933294?
138
What is the highest common factor of 278700 and 1104?
12
Calculate the greatest common factor of 222 and 81108921.
111
What is the greatest common factor of 757920 and 374240?
160
What is the highest common factor of 1614760 and 9198?
1022
What is the greatest common divisor of 22080837 and 861?
123
Calculate the greatest common divisor of 294 and 22516578.
294
What is the highest common factor of 68552 and 10747?
11
What is the highest common divisor of 64696554 and 1963?
1963
Calculate the highest common factor of 226092 and 76.
4
Calculate the greatest common divisor of 4323 and 7962704.
131
What is the highest common divisor of 21717 and 6631?
19
What is the greatest common factor of 18752165 and 2525?
505
Calculate the highest common factor of 74184543 and 9.
9
Calculate the greatest common factor of 39468 and 121046068.
572
What is the highest common factor of 21466900 and 14?
14
What is the highest common divisor of 211991211 and 288?
9
Calculate the highest common factor of 357482 and 799.
47
Calculate the greatest common divisor of 14365 and 72637175.
1105
What is the greatest common factor of 68929 and 88193?
301
Calculate the greatest common factor of 1235 and 3778515.
65
What is the greatest common factor of 3 and 6794812?
1
What is the highest common factor of 59842394 and 37?
37
What is the highest common factor of 320464417 and 2613?
871
What is the greatest common divisor of 25560 and 5759946?
1278
Calculate the greatest common factor of 1064825973 and 5718.
2859
Calculate the highest common divisor of 34411 and 330122.
13
What is the highest common factor of 65250 and 10944?
18
What is the highest common factor of 23114 and 118482?
182
What is the highest common divisor of 1068 and 202461?
3
Calculate the greatest common divisor of 97957272 and 2352.
1176
What is the highest common factor of 436 and 24900069?
109
What is the greatest common factor of 49800 and 67085580?
4980
What is the greatest common divisor of 63771 and 119451?
87
What is the greatest common factor of 3904854 and 1098?
366
What is the greatest common divisor of 26466088 and 2904?
968
Calculate the highest common factor of 290000 and 27405.
145
Calculate the greatest common factor of 20 and 100285.
5
Calculate the highest common factor of 255 and 41897.
1
What is the greatest common divisor of 34759020 and 48?
12
Calculate the highest common factor of 704106 and 195381.
153
What is the greatest common divisor of 499347 and 387?
9
What is the greatest common divisor of 959 and 86926?
7
Calculate the highest common factor of 22148 and 10734548.
452
Calculate the highest common divisor of 2604368 and 608.
304
What is the highest common factor of 66634 and 38?
2
Calculate the greatest common divisor of 127880 and 876300.
460
Calculate the highest common factor of 228090 and 10980.
30
Calculate the highest common factor of 1830 and 244410.
30
Calculate the highest common factor of 28910 and 200251310.
4130
Calculate the highest common divisor of 2548 and 46131722.
182
Calculate the greatest common divisor of 23 and 1450446585.
23
Calculate the highest common factor of 7464 and 274028320.
2488
What is the highest common divisor of 5394654 and 3888?
54
What is the highest common factor of 306 and 29169594?
18
Calculate the highest common divisor of 3817944 and 2496.
312
Calculate the highest common divisor of 184338 and 637.
49
What is the highest common divisor of 6 and 2028381?
3
Calculate the highest common factor of 2090 and 5702470.
190
Calculate the highest common factor of 9260232 and 48.
24
What is the highest common divisor of 37503 and 471334?
463
What is the greatest common factor of 172996 and 390659?
709
Calculate the greatest common factor of 173799707 and 5806.
2903
What is the greatest common factor of 3381 and 499708419?
3381
Calculate the highest common divisor of 1179072 and 20.
4
What is the highest common divisor of 14290640 and 1183?
1183
Calculate the highest common divisor of 5432 and 7087402.
1358
What is the greatest common divisor of 3234280 and 28?
28
What is the highest common divisor of 1478572192 and 48?
16
What is the highest common factor of 118784 and 16936?
232
Calculate the highest common divisor of 3033217 and 1771.
253
What is the greatest common divisor of 5833 and 81434?
19
Calculate the greatest common divisor of 15 and 287451015.
15
What is the greatest common factor of 453344 and 157208?
3656
Calculate the highest common factor of 31328 and 202851648.
2848
Calculate the greatest common factor of 2332 and 21170108.
212
What is the greatest common factor of 29146 and 17351074?
1534
What is the highest common divisor of 6869513 and 4046?
119
What is the highest common divisor of 677192943 and 357?
357
What is the highest common factor of 47718 and 4167?
9
Calculate the greatest common divisor of 5249472 and 1482.
114
What is the highest common divisor of 1936 and 18508402?
242
Calculate the greatest common divisor of 12589436 and 12212.
284
Calculate the greatest common factor of 53847135 and 2070.
45
What is the greatest common factor of 209118 and 70707?
273
Calculate the greatest common factor of 56 and 12768434.
14
Calculate the highest common divisor of 2388 and 181955252.
796
Calculate the highest common divisor of 9366509 and 42127.
409
What is the greatest common factor of 1040 and 371660?
20
Calculate the greatest common factor of 20 and 1319492.
4
Calculate the highest common divisor of 12521 and 76589.
19
Calculate the greatest common factor of 365959222 and 2374.
2374
Calculate the greatest common divisor of 4610682 and 133164.
486
Calculate the highest common factor of 262434879 and 63.
63
Calculate the highest common factor of 16 and 4380910.
2
What is the highest common factor of 1547742 and 1036?
14
What is the highest common divisor of 40 and 22216420?
20
What is the highest common divisor of 449435 and 8015?
35
Calculate the greatest common divisor of 1625 and 181325.
25
What is the greatest common divisor of 48 and 10539546?
6
Calculate the greatest common factor of 5082 and 1841.
7
Calculate the highest common divisor of 1 and 586104.
1
Calculate the highest common divisor of 9461062 and 234.
26
What is the highest common factor of 30 and 12090730?
10
What is the highest common divisor of 1845467 and 2743?
13
What is the greatest common factor of 10853765 and 74?
37
Calculate the highest common divisor of 73555 and 26132.
47
What is the greatest common divisor of 76710 and 1050?
30
Calculate the highest common factor of 33670 and 3185.
455
What is the greatest common factor of 1694354 and 141873?
131
Calculate the highest common divisor of 15145614 and 2574.
198
Calculate the greatest common divisor of 39730338 and 23.
23
What is the greatest common factor of 2037 and 946041?
291